What is the ten thousands digit of 10976?
1
What is the units digit of 54468?
8
What is the tens digit of 802?
0
What is the tens digit of 1247?
4
What is the thousands digit of 2636?
2
What is the hundreds digit of 59054?
0
What is the thousands digit of 12693?
2
What is the tens digit of 941?
4
What is the hundred thousands digit of 130443?
1
What is the tens digit of 1079?
7
What is the hundred thousands digit of 113391?
1
What is the tens digit of 24270?
7
What is the units digit of 2?
2
What is the hundreds digit of 1391?
3
What is the hundreds digit of 3559?
5
What is the hundreds digit of 1011?
0
What is the units digit of 1361?
1
What is the thousands digit of 15688?
5
What is the hundreds digit of 754?
7
What is the hundreds digit of 66556?
5
What is the units digit of 56810?
0
What is the thousands digit of 1214?
1
What is the thousands digit of 9496?
9
What is the tens digit of 3014?
1
What is the tens digit of 8319?
1
What is the units digit of 21068?
8
What is the hundreds digit of 17131?
1
What is the hundreds digit of 1018?
0
What is the ten thousands digit of 74917?
7
What is the units digit of 15048?
8
What is the hundreds digit of 2933?
9
What is the units digit of 8903?
3
What is the tens digit of 57793?
9
What is the thousands digit of 119636?
9
What is the hundreds digit of 799?
7
What is the thousands digit of 45606?
5
What is the thousands digit of 11398?
1
What is the units digit of 6?
6
What is the units digit of 120451?
1
What is the tens digit of 141643?
4
What is the ten thousands digit of 36557?
3
What is the units digit of 4912?
2
What is the tens digit of 14705?
0
What is the thousands digit of 136442?
6
What is the units digit of 38312?
2
What is the thousands digit of 15135?
5
What is the units digit of 831?
1
What is the tens digit of 705?
0
What is the hundreds digit of 25813?
8
What is the hundreds digit of 1448?
4
What is the tens digit of 1560?
6
What is the hundreds digit of 943?
9
What is the hundreds digit of 1345?
3
What is the tens digit of 278?
7
What is the thousands digit of 1174?
1
What is the thousands digit of 36543?
6
What is the units digit of 759?
9
What is the ten thousands digit of 13923?
1
What is the thousands digit of 1549?
1
What is the hundreds digit of 5553?
5
What is the hundreds digit of 6429?
4
What is the tens digit of 7703?
0
What is the units digit of 7363?
3
What is the hundreds digit of 4033?
0
What is the thousands digit of 6686?
6
What is the thousands digit of 4974?
4
What is the units digit of 162300?
0
What is the thousands digit of 1938?
1
What is the tens digit of 145602?
0
What is the tens digit of 19087?
8
What is the tens digit of 712?
1
What is the thousands digit of 5300?
5
What is the thousands digit of 1258?
1
What is the hundreds digit of 2924?
9
What is the thousands digit of 1572?
1
What is the ten thousands digit of 18130?
1
What is the thousands digit of 4571?
4
What is the tens digit of 747?
4
What is the thousands digit of 68314?
8
What is the tens digit of 10793?
9
What is the thousands digit of 76247?
6
What is the units digit of 5447?
7
What is the tens digit of 1422?
2
What is the hundreds digit of 4719?
7
What is the units digit of 11205?
5
What is the units digit of 695?
5
What is the tens digit of 1866?
6
What is the hundreds digit of 2150?
1
What is the hundreds digit of 9246?
2
What is the hundreds digit of 4851?
8
What is the hundreds digit of 112?
1
What is the thousands digit of 2928?
2
What is the hundreds digit of 66358?
3
What is the thousands digit of 4457?
4
What is the thousands digit of 2272?
2
What is the tens digit of 1751?
5
What is the hundreds digit of 2237?
2
What is the tens digit of 14702?
0
What is the thousands digit of 91687?
1
What is the hundreds digit of 159929?
9
What is the tens digit of 5541?
4
What is the thousands digit of 64966?
4
What is the ten thousands digit of 31824?
3
What is the tens digit of 740?
4
What is the ten thousands digit of 40376?
4
What is the hundreds digit of 3726?
7
What is the hundreds digit of 3770?
7
What is the thousands digit of 1010?
1
What is the hundreds digit of 25883?
8
What is the thousands digit of 6015?
6
What is the ten thousands digit of 16478?
1
What is the thousands digit of 49350?
9
What is the units digit of 5220?
0
What is the units digit of 10004?
4
What is the units digit of 4617?
7
What is the thousands digit of 10267?
0
What is the units digit of 1149?
9
What is the thousands digit of 8440?
8
What is the tens digit of 9816?
1
What is the units digit of 746?
6
What is the thousands digit of 8747?
8
What is the hundreds digit of 876?
8
What is the units digit of 735?
5
What is the hundreds digit of 1134?
1
What is the hundreds digit of 152598?
5
What is the tens digit of 508?
0
What is the thousands digit of 2529?
2
What is the tens digit of 1676?
7
What is the units digit of 1517?
7
What is the thousands digit of 56188?
6
What is the ten thousands digit of 48673?
4
What is the thousands digit of 2104?
2
What is the units digit of 869?
9
What is the units digit of 864?
4
What is the tens digit of 11250?
5
What is the thousands digit of 11711?
1
What is the tens digit of 630?
3
What is the units digit of 11563?
3
What is the units digit of 31004?
4
What is the units digit of 41854?
4
What is the units digit of 13481?
1
What is the hundreds digit of 7496?
4
What is the tens digit of 33283?
8
What is the hundreds digit of 227?
2
What is the hundreds digit of 25394?
3
What is the hundreds digit of 647?
6
What is the hundreds digit of 41839?
8
What is the hundreds digit of 7501?
5
What is the units digit of 1112?
2
What is the hundreds digit of 1474?
4
What is the units digit of 7097?
7
What is the thousands digit of 4571?
4
What is the hundreds digit of 23778?
7
What is the ten thousands digit of 17489?
1
What is the hundreds digit of 878?
8
What is the tens digit of 84?
8
What is the tens digit of 3021?
2
What is the thousands digit of 11633?
1
What is the ten thousands digit of 31453?
3
What is the tens digit of 685?
8
What is the tens digit of 3070?
7
What is the tens digit of 1542?
4
What is the units digit of 118441?
1
What is the units digit of 4450?
0
What is the thousands digit of 1755?
1
What is the hundreds digit of 2098?
0
What is the tens digit of 5301?
0
What is the thousands digit of 7727?
7
What is the hundreds digit of 3167?
1
What is the units digit of 4403?
3
What is the units digit of 742?
2
What is the units digit of 16755?
5
What is the units digit of 10011?
1
What is the tens digit of 4363?
6
What is the units digit of 23132?
2
What is the units digit of 22188?
8
What is the thousands digit of 10642?
0
What is the units digit of 12673?
3
What is the hundreds digit of 3639?
6
What is the units digit of 3565?
5
What is the tens digit of 1265?
6
What is the thousands digit of 1025?
1
What is the tens digit of 1064?
6
What is the units digit of 6634?
4
What is the tens digit of 736?
3
What is the units digit of 22776?
6
What is the tens digit of 929?
2
What is the hundreds digit of 1887?
8
What is the hundreds digit of 164?
1
What is the hundreds digit of 1031?
0
What is the thousands digit of 1084?
1
What is the units digit of 325?
5
What is the units digit of 61123?
3
What is the tens digit of 48?
4
What is the units digit of 1614?
4
What is the hundreds digit of 73341?
3
What is the hundreds digit of 3436?
4
What is the hundreds digit of 10549?
5
What is the tens digit of 1132?
3
What is the hundreds digit of 803?
8
What is the ten thousands digit of 36683?
3
What is the tens digit of 174?
7
What is the tens digit of 187136?
3
What is the hundreds digit of 145799?
7
What is the units digit of 754?
4
What is the hundreds digit of 1040?
0
What is the tens digit of 8815?
1
What is the units digit of 2488?
8
What is the thousands digit of 17821?
7
What is the units digit of 4958?
8
What is the units digit of 2509?
9
What is the units digit of 1328?
8
What is the hundreds digit of 11930?
9
What is the units digit of 1356?
6
What is the thousands digit of 1895?
1
What is the hundreds digit of 680?
6
What is the thousands digit of 1365?
1
What is the ten thousands digit of 54974?
5
What is the tens digit of 64635?
3
What is the thousands digit of 77632?
7
What 